{"id":656,"date":"2022-09-21T18:57:56","date_gmt":"2022-09-21T18:57:56","guid":{"rendered":"http:\/\/ssreyescmenorca.com\/?page_id=656"},"modified":"2023-11-12T18:57:11","modified_gmt":"2023-11-12T18:57:11","slug":"quienes-somos-2","status":"publish","type":"page","link":"https:\/\/ssreyescmenorca.com\/?page_id=656","title":{"rendered":"Qui\u00e9nes somos"},"content":{"rendered":"\t\t<div data-elementor-type=\"wp-page\" data-elementor-id=\"656\" class=\"elementor elementor-656\">\n\t\t\t\t\t\t\t\t\t<section class=\"elementor-section elementor-top-section elementor-element elementor-element-d0d6bb8 elementor-section-boxed elementor-section-height-default elementor-section-height-default wpr-particle-no wpr-jarallax-no wpr-parallax-no wpr-sticky-section-no\" data-id=\"d0d6bb8\" data-element_type=\"section\" data-settings=\"{&quot;_ha_eqh_enable&quot;:false}\">\n\t\t\t\t\t\t<div class=\"elementor-container elementor-column-gap-default\">\n\t\t\t\t\t<div class=\"elementor-column elementor-col-100 elementor-top-column elementor-element elementor-element-9b916f1\" data-id=\"9b916f1\" data-element_type=\"column\">\n\t\t\t<div class=\"elementor-widget-wrap elementor-element-populated\">\n\t\t\t\t\t\t\t\t<div class=\"elementor-element elementor-element-69eb208 elementor-widget elementor-widget-spacer\" data-id=\"69eb208\" data-element_type=\"widget\" data-widget_type=\"spacer.default\">\n\t\t\t\t<div class=\"elementor-widget-container\">\n\t\t\t<style>\/*! elementor - v3.17.0 - 08-11-2023 *\/\n.elementor-column .elementor-spacer-inner{height:var(--spacer-size)}.e-con{--container-widget-width:100%}.e-con-inner>.elementor-widget-spacer,.e-con>.elementor-widget-spacer{width:var(--container-widget-width,var(--spacer-size));--align-self:var(--container-widget-align-self,initial);--flex-shrink:0}.e-con-inner>.elementor-widget-spacer>.elementor-widget-container,.e-con>.elementor-widget-spacer>.elementor-widget-container{height:100%;width:100%}.e-con-inner>.elementor-widget-spacer>.elementor-widget-container>.elementor-spacer,.e-con>.elementor-widget-spacer>.elementor-widget-container>.elementor-spacer{height:100%}.e-con-inner>.elementor-widget-spacer>.elementor-widget-container>.elementor-spacer>.elementor-spacer-inner,.e-con>.elementor-widget-spacer>.elementor-widget-container>.elementor-spacer>.elementor-spacer-inner{height:var(--container-widget-height,var(--spacer-size))}.e-con-inner>.elementor-widget-spacer.elementor-widget-empty,.e-con>.elementor-widget-spacer.elementor-widget-empty{position:relative;min-height:22px;min-width:22px}.e-con-inner>.elementor-widget-spacer.elementor-widget-empty .elementor-widget-empty-icon,.e-con>.elementor-widget-spacer.elementor-widget-empty .elementor-widget-empty-icon{position:absolute;top:0;bottom:0;left:0;right:0;margin:auto;padding:0;width:22px;height:22px}<\/style>\t\t<div class=\"elementor-spacer\">\n\t\t\t<div class=\"elementor-spacer-inner\"><\/div>\n\t\t<\/div>\n\t\t\t\t<\/div>\n\t\t\t\t<\/div>\n\t\t\t\t<div class=\"elementor-element elementor-element-3115e68 elementor-widget elementor-widget-heading\" data-id=\"3115e68\" data-element_type=\"widget\" data-widget_type=\"heading.default\">\n\t\t\t\t<div class=\"elementor-widget-container\">\n\t\t\t<style>\/*! elementor - v3.17.0 - 08-11-2023 *\/\n.elementor-heading-title{padding:0;margin:0;line-height:1}.elementor-widget-heading .elementor-heading-title[class*=elementor-size-]>a{color:inherit;font-size:inherit;line-height:inherit}.elementor-widget-heading .elementor-heading-title.elementor-size-small{font-size:15px}.elementor-widget-heading .elementor-heading-title.elementor-size-medium{font-size:19px}.elementor-widget-heading .elementor-heading-title.elementor-size-large{font-size:29px}.elementor-widget-heading .elementor-heading-title.elementor-size-xl{font-size:39px}.elementor-widget-heading .elementor-heading-title.elementor-size-xxl{font-size:59px}<\/style><h2 class=\"elementor-heading-title elementor-size-default\">Qui\u00e9nes somos <\/h2>\t\t<\/div>\n\t\t\t\t<\/div>\n\t\t\t\t<div class=\"elementor-element elementor-element-22661d5 elementor-widget elementor-widget-text-editor\" data-id=\"22661d5\" data-element_type=\"widget\" data-widget_type=\"text-editor.default\">\n\t\t\t\t<div class=\"elementor-widget-container\">\n\t\t\t<style>\/*! elementor - v3.17.0 - 08-11-2023 *\/\n.elementor-widget-text-editor.elementor-drop-cap-view-stacked .elementor-drop-cap{background-color:#69727d;color:#fff}.elementor-widget-text-editor.elementor-drop-cap-view-framed .elementor-drop-cap{color:#69727d;border:3px solid;background-color:transparent}.elementor-widget-text-editor:not(.elementor-drop-cap-view-default) .elementor-drop-cap{margin-top:8px}.elementor-widget-text-editor:not(.elementor-drop-cap-view-default) .elementor-drop-cap-letter{width:1em;height:1em}.elementor-widget-text-editor .elementor-drop-cap{float:left;text-align:center;line-height:1;font-size:50px}.elementor-widget-text-editor .elementor-drop-cap-letter{display:inline-block}<\/style>\t\t\t\t<p style=\"font-weight: 400;\">El Club Atletismo San Sebasti\u00e1n de los Reyes-Cl\u00ednica Menorca se fund\u00f3 a mediados de los ochenta, inicialmente como un grupo de amigos corredores que lo constituyeron y se reun\u00edan para entrenar en la Dehesa Boyal (de ah\u00ed q su nombre originario fuese C.A. Boyal). Unos a\u00f1os despu\u00e9s se abri\u00f3 la escuela de atletismo que, desde entonces, no ha parado de crecer hasta superar los 300 alumnos en la actualidad, habiendo pasado por sus filas varios campeones\/as de Espa\u00f1a de varias pruebas.<\/p>\t\t\t\t\t\t<\/div>\n\t\t\t\t<\/div>\n\t\t\t\t\t<\/div>\n\t\t<\/div>\n\t\t\t\t\t\t\t<\/div>\n\t\t<\/section>\n\t\t\t\t<section class=\"elementor-section elementor-top-section elementor-element elementor-element-98984b1 elementor-section-boxed elementor-section-height-default elementor-section-height-default wpr-particle-no wpr-jarallax-no wpr-parallax-no wpr-sticky-section-no\" data-id=\"98984b1\" data-element_type=\"section\" data-settings=\"{&quot;_ha_eqh_enable&quot;:false}\">\n\t\t\t\t\t\t<div class=\"elementor-container elementor-column-gap-default\">\n\t\t\t\t\t<div class=\"elementor-column elementor-col-50 elementor-top-column elementor-element elementor-element-affa42f\" data-id=\"affa42f\" data-element_type=\"column\">\n\t\t\t<div class=\"elementor-widget-wrap elementor-element-populated\">\n\t\t\t\t\t\t\t\t<div class=\"elementor-element elementor-element-ebaf76b elementor-widget elementor-widget-image\" data-id=\"ebaf76b\" data-element_type=\"widget\" data-widget_type=\"image.default\">\n\t\t\t\t<div class=\"elementor-widget-container\">\n\t\t\t<style>\/*! elementor - v3.17.0 - 08-11-2023 *\/\n.elementor-widget-image{text-align:center}.elementor-widget-image a{display:inline-block}.elementor-widget-image a img[src$=\".svg\"]{width:48px}.elementor-widget-image img{vertical-align:middle;display:inline-block}<\/style>\t\t\t\t\t\t\t\t\t\t\t\t<img loading=\"lazy\" decoding=\"async\" width=\"750\" height=\"358\" src=\"https:\/\/ssreyescmenorca.com\/wp-content\/uploads\/2022\/09\/p-1024x489.png\" class=\"attachment-large size-large wp-image-472\" alt=\"\" srcset=\"https:\/\/ssreyescmenorca.com\/wp-content\/uploads\/2022\/09\/p-1024x489.png 1024w, https:\/\/ssreyescmenorca.com\/wp-content\/uploads\/2022\/09\/p-600x287.png 600w, https:\/\/ssreyescmenorca.com\/wp-content\/uploads\/2022\/09\/p-300x143.png 300w, https:\/\/ssreyescmenorca.com\/wp-content\/uploads\/2022\/09\/p-768x367.png 768w, https:\/\/ssreyescmenorca.com\/wp-content\/uploads\/2022\/09\/p-1536x734.png 1536w, https:\/\/ssreyescmenorca.com\/wp-content\/uploads\/2022\/09\/p-1568x750.png 1568w, https:\/\/ssreyescmenorca.com\/wp-content\/uploads\/2022\/09\/p.png 1659w\" sizes=\"auto, (max-width: 750px) 100vw, 750px\" style=\"width:100%;height:47.8%;max-width:1659px\" \/>\t\t\t\t\t\t\t\t\t\t\t\t\t\t\t<\/div>\n\t\t\t\t<\/div>\n\t\t\t\t\t<\/div>\n\t\t<\/div>\n\t\t\t\t<div class=\"elementor-column elementor-col-50 elementor-top-column elementor-element elementor-element-fa3d8a1\" data-id=\"fa3d8a1\" data-element_type=\"column\">\n\t\t\t<div class=\"elementor-widget-wrap elementor-element-populated\">\n\t\t\t\t\t\t\t\t<div class=\"elementor-element elementor-element-81f87fa elementor-widget elementor-widget-text-editor\" data-id=\"81f87fa\" data-element_type=\"widget\" data-widget_type=\"text-editor.default\">\n\t\t\t\t<div class=\"elementor-widget-container\">\n\t\t\t\t\t\t\t<p>\u00a0<\/p>\n<p>\u00a0<\/p>\n<p style=\"font-weight: 400;\">El grupo de adultos, que acoge corredores de todos los niveles, obtiene constantes p\u00f3diums en la mayor\u00eda de las carreras en las que compite, siendo considerado el Club m\u00e1s exitoso en carreras populares de la Comunidad de Madrid.<\/p>\t\t\t\t\t\t<\/div>\n\t\t\t\t<\/div>\n\t\t\t\t\t<\/div>\n\t\t<\/div>\n\t\t\t\t\t\t\t<\/div>\n\t\t<\/section>\n\t\t\t\t<section class=\"elementor-section elementor-top-section elementor-element elementor-element-d489845 elementor-section-boxed elementor-section-height-default elementor-section-height-default wpr-particle-no wpr-jarallax-no wpr-parallax-no wpr-sticky-section-no\" data-id=\"d489845\" data-element_type=\"section\" data-settings=\"{&quot;_ha_eqh_enable&quot;:false}\">\n\t\t\t\t\t\t<div class=\"elementor-container elementor-column-gap-default\">\n\t\t\t\t\t<div class=\"elementor-column elementor-col-50 elementor-top-column elementor-element elementor-element-61d6d29\" data-id=\"61d6d29\" data-element_type=\"column\">\n\t\t\t<div class=\"elementor-widget-wrap elementor-element-populated\">\n\t\t\t\t\t\t\t\t<div class=\"elementor-element elementor-element-7ea9e37 elementor-widget elementor-widget-text-editor\" data-id=\"7ea9e37\" data-element_type=\"widget\" data-widget_type=\"text-editor.default\">\n\t\t\t\t<div class=\"elementor-widget-container\">\n\t\t\t\t\t\t\t<p>\u00a0<\/p>\n<p>\u00a0<\/p>\n<p>\u00a0<\/p>\n<p style=\"font-weight: 400;\">En la actualidad, contamos con casi una veintena de entrenadores con una s\u00f3lida experiencia y calidad humana que han logrado no s\u00f3lo que la mayor parte de los grupos est\u00e9n completos y con lista de espera, sino que los atletas sigan manteniendo excelentes resultados, siendo ya casi 500 atletas los que forman parte de nuestro Club.\u00a0<\/p>\t\t\t\t\t\t<\/div>\n\t\t\t\t<\/div>\n\t\t\t\t\t<\/div>\n\t\t<\/div>\n\t\t\t\t<div class=\"elementor-column elementor-col-50 elementor-top-column elementor-element elementor-element-68a512b\" data-id=\"68a512b\" data-element_type=\"column\">\n\t\t\t<div class=\"elementor-widget-wrap elementor-element-populated\">\n\t\t\t\t\t\t\t\t<div class=\"elementor-element elementor-element-232f736 elementor-widget elementor-widget-image\" data-id=\"232f736\" data-element_type=\"widget\" data-widget_type=\"image.default\">\n\t\t\t\t<div class=\"elementor-widget-container\">\n\t\t\t\t\t\t\t\t\t\t\t\t\t\t\t<img loading=\"lazy\" decoding=\"async\" width=\"750\" height=\"421\" src=\"https:\/\/ssreyescmenorca.com\/wp-content\/uploads\/2022\/09\/edf1b1e5-dcb7-4461-b06e-8e3e5ff1e1bb-1024x575.jpeg\" class=\"attachment-large size-large wp-image-357\" alt=\"\" srcset=\"https:\/\/ssreyescmenorca.com\/wp-content\/uploads\/2022\/09\/edf1b1e5-dcb7-4461-b06e-8e3e5ff1e1bb-1024x575.jpeg 1024w, https:\/\/ssreyescmenorca.com\/wp-content\/uploads\/2022\/09\/edf1b1e5-dcb7-4461-b06e-8e3e5ff1e1bb-600x337.jpeg 600w, https:\/\/ssreyescmenorca.com\/wp-content\/uploads\/2022\/09\/edf1b1e5-dcb7-4461-b06e-8e3e5ff1e1bb-300x168.jpeg 300w, https:\/\/ssreyescmenorca.com\/wp-content\/uploads\/2022\/09\/edf1b1e5-dcb7-4461-b06e-8e3e5ff1e1bb-768x431.jpeg 768w, https:\/\/ssreyescmenorca.com\/wp-content\/uploads\/2022\/09\/edf1b1e5-dcb7-4461-b06e-8e3e5ff1e1bb-1536x863.jpeg 1536w, https:\/\/ssreyescmenorca.com\/wp-content\/uploads\/2022\/09\/edf1b1e5-dcb7-4461-b06e-8e3e5ff1e1bb-1568x880.jpeg 1568w, https:\/\/ssreyescmenorca.com\/wp-content\/uploads\/2022\/09\/edf1b1e5-dcb7-4461-b06e-8e3e5ff1e1bb.jpeg 2048w\" sizes=\"auto, (max-width: 750px) 100vw, 750px\" style=\"width:100%;height:56.15%;max-width:2048px\" \/>\t\t\t\t\t\t\t\t\t\t\t\t\t\t\t<\/div>\n\t\t\t\t<\/div>\n\t\t\t\t\t<\/div>\n\t\t<\/div>\n\t\t\t\t\t\t\t<\/div>\n\t\t<\/section>\n\t\t\t\t\t\t\t<\/div>\n\t\t","protected":false},"excerpt":{"rendered":"<p>Qui\u00e9nes somos El Club Atletismo San Sebasti\u00e1n de los Reyes-Cl\u00ednica Menorca se fund\u00f3 a mediados de los ochenta, inicialmente como un grupo de amigos corredores que lo constituyeron y se reun\u00edan para entrenar en la Dehesa Boyal (de ah\u00ed q su nombre originario fuese C.A. Boyal). Unos a\u00f1os despu\u00e9s se abri\u00f3 la escuela de atletismo&hellip; <a class=\"more-link\" href=\"https:\/\/ssreyescmenorca.com\/?page_id=656\">Seguir leyendo <span class=\"screen-reader-text\">Qui\u00e9nes somos<\/span><\/a><\/p>\n","protected":false},"author":3,"featured_media":0,"parent":0,"menu_order":0,"comment_status":"closed","ping_status":"closed","template":"","meta":{"footnotes":""},"class_list":["post-656","page","type-page","status-publish","hentry","entry"],"_links":{"self":[{"href":"https:\/\/ssreyescmenorca.com\/index.php?rest_route=\/wp\/v2\/pages\/656","targetHints":{"allow":["GET"]}}],"collection":[{"href":"https:\/\/ssreyescmenorca.com\/index.php?rest_route=\/wp\/v2\/pages"}],"about":[{"href":"https:\/\/ssreyescmenorca.com\/index.php?rest_route=\/wp\/v2\/types\/page"}],"author":[{"embeddable":true,"href":"https:\/\/ssreyescmenorca.com\/index.php?rest_route=\/wp\/v2\/users\/3"}],"replies":[{"embeddable":true,"href":"https:\/\/ssreyescmenorca.com\/index.php?rest_route=%2Fwp%2Fv2%2Fcomments&post=656"}],"version-history":[{"count":13,"href":"https:\/\/ssreyescmenorca.com\/index.php?rest_route=\/wp\/v2\/pages\/656\/revisions"}],"predecessor-version":[{"id":1758,"href":"https:\/\/ssreyescmenorca.com\/index.php?rest_route=\/wp\/v2\/pages\/656\/revisions\/1758"}],"wp:attachment":[{"href":"https:\/\/ssreyescmenorca.com\/index.php?rest_route=%2Fwp%2Fv2%2Fmedia&parent=656"}],"curies":[{"name":"wp","href":"https:\/\/api.w.org\/{rel}","templated":true}]}}